 15) to base 5.
-434224014
3179ee (base 15) to base 4
20332313000
cbc2 (base 13) to base 3
1102221011
What is 749721 (base 10) in base 8?
2670231
4063230 (base 7) to base 10
486150
What is 1225180 (base 11) in base 15?
2c10c4
Convert -1213232021 (base 5) to base 12.
-b63701
10001010111010011001 (base 2) to base 5
121201420
What is -66a172 (base 13) in base 8?
-11171154
472781 (base 11) to base 2
10110111001011010001
3b428 (base 12) to base 14
21b68
11031223010 (base 4) to base 3
2120102210102
What is 1103261 (base 7) in base 11?
92997
Convert -13221022022 (base 4) to base 9.
-3683365
Convert 898746 (base 13) to base 12.
1106716
-413470 (base 8) to base 7
-1110315
What is 53977 (base 10) in base 5?
3211402
-1111110001000110011 (base 2) to base 15
-a313e
Convert 202011120012 (base 3) to base 11.
251297
Convert 1121112231 (base 4) to base 6.
11502233
100100101110011010 (base 2) to base 15
2e886
Convert 4445415 (base 6) to base 16.
36b93
What is 42313403 (base 5) in base 4?
1112132310
-11010101010001000010 (base 2) to base 5
-210423123
Convert -b2ab (base 13) to base 15.
-7481
What is -1d10c9 (base 15) in base 14?
-28dc48
-130715 (base 9) to base 2
-10011010111010001
7656 (base 14) to base 12
ba10
Convert 101121011110 (base 3) to base 11.
13280a
Convert 10100001133 (base 4) to base 2.
100010000000001011111
4867b (base 12) to base 6
2032235
What is 11220221021 (base 3) in base 4?
113222032
247ed9 (base 16) to base 7
26221042
Convert 74203 (base 8) to base 9.
46278
-458c0 (base 15) to base 7
-1611231
-52251521 (base 6) to base 9
-2758704
What is -841777 (base 10) in base 12?
-347181
What is -a820d (base 14) in base 9?
-678565
Convert 1460025 (base 7) to base 5.
22334202
Convert da5ce (base 15) to base 12.
2951a2
What is 202233001230 (base 4) in base 6?
523055100
-725f3 (base 16) to base 9
-783548
Convert -30021522 (base 6) to base 5.
-203432220
-3b41c (base 13) to base 7
-640210
Convert -150121 (base 6) to base 9.
-21554
What is 1b57cb (base 15) in base 14?
26a695
Convert 1183851 (base 11) to base 5.
1011223012
What is 121545011 (base 6) in base 15?
310b4a
10306317 (base 8) to base 4
20120303033
-220421111 (base 5) to base 11
-59a895
22a5b43 (base 12) to base 10
6687267
Convert 42330003 (base 6) to base 10.
1240275
2663751 (base 10) to base 8
12122507
11103620 (base 7) to base 14
1ad880
Convert -37b096 (base 14) to base 11.
-1097049
Convert -2502b16 (base 12) to base 6.
-414435230
125be81 (base 15) to base 2
110010010111010111010000
What is -11a42 (base 13) in base 12?
-16986
What is 355216 (base 9) in base 14?
57c98
What is -218bb (base 12) in base 5?
-2410440
Convert -1000303120 (base 4) to base 15.
-539a7
What is -3b3e06 (base 15) in base 2?
-1010110111011000011001
Convert 3413c (base 13) to base 3.
11210220002
Convert 32595a (base 13) to base 7.
13026451
Convert 112012122 (base 3) to base 13.
493a
What is -20370c (base 15) in base 12?
-619826
Convert 12c60c (base 15) to base 9.
1624873
3571545 (base 9) to base 5
443433140
Convert 458368 (base 9) to base 3.
111222102022
What is -25044001 (base 7) in base 14?
-4268a8
What is 11201223130 (base 4) in base 8?
5415334
10333002220 (base 4) to base 7
14051614
Convert 22331201002 (base 4) to base 16.
2bd842
10102010001122 (base 3) to base 14
352a4b
Convert -1915836 (base 10) to base 3.
-10121100000220
What is -4454939 (base 11) in base 5?
-3444410413
What is -835110 (base 9) in base 16?
-790c2
What is -1022120100 (base 5) in base 7?
-24142501
Convert -1214706 (base 9) to base 7.
-5415000
1125832 (base 10) to base 13
305596
Convert -10330010 (base 4) to base 14.
-752c
What is a36953 (base 14) in base 15?
73d1c9
140044421 (base 5) to base 15
de3c6
Convert -6336125 (base 7) to base 12.
-30b0b8
-1a200 (base 12) to base 14
-dd60
What is -154135244 (base 6) in base 16?
-3207ac
Convert 1010100110010010110 (base 2) to base 15.
6cd76
Convert -25453a (base 14) to base 7.
-13610003
1240501 (base 6) to base 2
10000011111110101
What is -33341512 (base 6) in base 11?
-629933
14023113 (base 5) to base 15
2c258
-359a24 (base 12) to base 3
-1122001120101
What is 426546 (base 7) in base 3?
10210000100
What is -44623132 (base 7) in base 6?
-214551401
-42d72 (base 16) to base 6
-5511254
2061470 (base 8) to base 15
acd0d
What is 1223596 (base 12) in base 9?
6571726
41654403 (base 7) to base 11
1a99352
3c5141 (base 14) to base 3
10221002210112
What is -101032121 (base 4) in base 15?
-15d88
Convert -54b529b (base 12) to base 15.
-1643ccb
What is -2132220003 (base 4) in base 3?
-1020000021010
Convert -214785 (base 10) to base 6.
-4334213
-27a575 (base 14) to base 3
-2120202111221
110015301 (base 6) to base 2
111011111000000110101
-175140 (base 9) to base 6
-2155230
Convert -12444030 (base 7) to base 5.
-242341231
-100000100110 (base 2) to base 10
-2086
Convert 1228457 (base 10) to base 6.
42155145
Convert -201554410 (base 6) to base 16.
-34ad66
-48dc1 (base 14) to base 4
-223202131
What is -772ec (base 15) in base 14?
-9c000
Convert 6be105 (base 15) to base 16.
4ebe9d
What is 10011100100000100 (base 2) in base 14?
212ba
Convert -a0b934 (base 16) to base 11.
-5a44801
16fa0d (base 16) to base 14
2b2a97
Convert -4240314 (base 8) to base 7.
-12416334
-1428914 (base 10) to base 14
-292a54
-25a2f4 (base 16) to base 7
-26652050
Convert 205311220 (base 6) to base 5.
1411224221
What is -144933 (base 10) in base 16?
-23625
What is -10310214 (base 5) in base 11?
-60288
What is 1203210 (base 6) in base 4?
33113112
-afe0 (base 16) to base 15
-d519
What is bcc167 (base 14) in base 13?
143597a
-1001001010101000100101 (base 2) to base 7
-26265255
3011424 (base 7) to base 14
939bb
4130486 (base 9) to base 12
8a3b96
-1011101100111010 (base 2) to base 15
-e305
Convert -638a4 (base 11) to base 9.
-151415
What is 8b367 (base 13) in base 7?
2103221
What is 6b4b9 (base 12) in base 13?
507ba
-455c4 (base 16) to base 3
-112102201020
2403150 (base 6) to base 14
3385c
What is -131230333 (base 4) in base 3?
-20011220001
Convert 2924a63 (base 11) to base 5.
2241402331
Convert 1010240 (base 5) to base 15.
4c80
What is 1119744 (base 10) in base 6?
40000000
110202010000112 (base 3) to base 5
3213220103
What is -2bd46 (base 14) in base 2?
-11010110000111010
101110001101110001000001 (base 2) to base 11
6925205
What is 18277404 (base 9) in base 6?
525134521
Convert -b6676 (base 12) to base 9.
-404370
-21010412 (base 5) to base 11
-108756
What is -92353 (base 10) in base 7?
-533152
-3c4287 (base 15) to base 13
-7a6b00
-2eedb4 (base 16) to base 4
-23232312310
36406436 (base 7) to base 13
89863a
What is 2121101202202 (base 3) in base 13?
396923
What is -544aa (base 12) in base 5?
-12030143
Convert 120120012 (base 3) to base 2.
10110001010001
What is -113441144 (base 5) in base 4?
-2001211233
What is 11201020200 (base 3) in base 14?
25b3d
What is -122347 (base 10) in base 16?
-1ddeb
-380316 (base 9) to base 5
-24324033
-11bc87 (base 13) to base 6
-13044544
What is 318070 (base 9) in base 12?
91883
What is 11115 (base 7) in base 3?
10211220
-205b99 (base 12) to base 16
-7c065
-37c7b (base 14) to base 7
-1110114
Convert -1521a7 (base 11) to base 4.
-321321210
Convert -6cad (base 14) to base 7.
-106206
Convert 56e4c (base 16) to base 14.
939c8
What is 10202350 (base 9) in base 8?
22547635
Convert -2231220110 (base 4) to base 16.
-ada14
-3805010 (base 9) to base 16
-1f9761
Convert 498130 (base 10) to base 12.
20032a
Convert -14131500 (base 8) to base 4.
-30023031000
Convert -30363103 (base 7) to base 14.
-4a0573
Convert -2758655 (base 10) to base 3.
-12012011011102
-1111000011100010 (base 2) to base 12
-2b82a
a15914 (base 12) to base 11
1470628
What is -108979 (base 10) in base 6?
-2200311
6a727 (base 16) to base 11
278640
What is -44ad3 (base 14) in base 6?
-3324053
What is -21477 (base 12) in base 6?
-535031
Convert -3d87 (base 15) to base 10.
-13177
-1c344c (base 13) to base 11
-452a69
Convert -21123321 (base 8) to base 10.
-4499153
Convert -446b77 (base 14) to base 9.
-4331442
What is 3133957 (base 10) in base 6?
151101021
What is 6103556 (base 7) in base 12?
2aaba8
-268481 (base 12) to base 8
-2333241
Convert 13034130 (base 7) to base 11.
73a456
-4551333 (base 7) to base 11
-358121
-20027462 (base 9) to base 16
-923f9f
Convert 288675 (base 11) to base 5.
10341